 of 3240.
2, 3, 5
List the prime factors of 2681.
7, 383
What are the prime factors of 332?
2, 83
List the prime factors of 1521.
3, 13
What are the prime factors of 134?
2, 67
List the prime factors of 44870.
2, 5, 7, 641
What are the prime factors of 7047?
3, 29
List the prime factors of 52057.
52057
List the prime factors of 13158.
2, 3, 17, 43
List the prime factors of 2702.
2, 7, 193
What are the prime factors of 19950?
2, 3, 5, 7, 19
List the prime factors of 1232.
2, 7, 11
What are the prime factors of 20593?
20593
List the prime factors of 3329.
3329
What are the prime factors of 20016?
2, 3, 139
What are the prime factors of 70817?
23, 3079
List the prime factors of 7071.
3, 2357
What are the prime factors of 58?
2, 29
List the prime factors of 24047.
139, 173
List the prime factors of 305.
5, 61
What are the prime factors of 104296?
2, 13037
List the prime factors of 14893.
53, 281
What are the prime factors of 2605?
5, 521
List the prime factors of 1563.
3, 521
What are the prime factors of 1462?
2, 17, 43
What are the prime factors of 1483?
1483
What are the prime factors of 12927?
3, 31, 139
List the prime factors of 3701.
3701
What are the prime factors of 8117?
8117
What are the prime factors of 1356?
2, 3, 113
List the prime factors of 2819.
2819
List the prime factors of 49257.
3, 13, 421
What are the prime factors of 643?
643
What are the prime factors of 46?
2, 23
What are the prime factors of 86?
2, 43
What are the prime factors of 177294?
2, 3, 13, 2273
What are the prime factors of 844?
2, 211
List the prime factors of 2680.
2, 5, 67
List the prime factors of 191115.
3, 5, 31, 137
List the prime factors of 1739.
37, 47
List the prime factors of 3929.
3929
List the prime factors of 5090.
2, 5, 509
List the prime factors of 12191.
73, 167
List the prime factors of 2425.
5, 97
List the prime factors of 8885.
5, 1777
What are the prime factors of 58477?
58477
What are the prime factors of 747?
3, 83
What are the prime factors of 888?
2, 3, 37
What are the prime factors of 27900?
2, 3, 5, 31
List the prime factors of 58.
2, 29
List the prime factors of 7118.
2, 3559
What are the prime factors of 105249?
3, 35083
What are the prime factors of 13229?
13229
What are the prime factors of 26672?
2, 1667
What are the prime factors of 6817?
17, 401
List the prime factors of 17558.
2, 8779
List the prime factors of 4838.
2, 41, 59
List the prime factors of 3773.
7, 11
List the prime factors of 239.
239
List the prime factors of 1774.
2, 887
List the prime factors of 9771.
3, 3257
What are the prime factors of 44037?
3, 7, 233
What are the prime factors of 1009?
1009
What are the prime factors of 304?
2, 19
What are the prime factors of 3459?
3, 1153
List the prime factors of 655.
5, 131
What are the prime factors of 4576?
2, 11, 13
List the prime factors of 52297.
7, 31, 241
List the prime factors of 11306.
2, 5653
List the prime factors of 655.
5, 131
What are the prime factors of 15715?
5, 7, 449
What are the prime factors of 1023?
3, 11, 31
What are the prime factors of 6359?
6359
List the prime factors of 6219.
3, 691
What are the prime factors of 12265?
5, 11, 223
List the prime factors of 12675.
3, 5, 13
List the prime factors of 30339.
3, 3371
List the prime factors of 630.
2, 3, 5, 7
What are the prime factors of 1005?
3, 5, 67
List the prime factors of 9462.
2, 3, 19, 83
List the prime factors of 2955.
3, 5, 197
What are the prime factors of 16396?
2, 4099
What are the prime factors of 4949?
7, 101
List the prime factors of 2526.
2, 3, 421
List the prime factors of 42453.
3, 53, 89
What are the prime factors of 18801?
3, 2089
List the prime factors of 13403.
13, 1031
What are the prime factors of 44692?
2, 11173
What are the prime factors of 5947?
19, 313
What are the prime factors of 270?
2, 3, 5
List the prime factors of 123402.
2, 3, 131, 157
List the prime factors of 1445.
5, 17
List the prime factors of 28274.
2, 67, 211
What are the prime factors of 32455?
5, 6491
List the prime factors of 523.
523
List the prime factors of 2914.
2, 31, 47
What are the prime factors of 64603?
7, 11, 839
List the prime factors of 40041.
3, 1483
What are the prime factors of 28265?
5, 5653
List the prime factors of 6719.
6719
List the prime factors of 2272.
2, 71
What are the prime factors of 825?
3, 5, 11
What are the prime factors of 6081?
3, 2027
List the prime factors of 38543.
38543
What are the prime factors of 211?
211
What are the prime factors of 7328?
2, 229
List the prime factors of 45686.
2, 53, 431
List the prime factors of 3855.
3, 5, 257
What are the prime factors of 11722?
2, 5861
What are the prime factors of 14542?
2, 11, 661
List the prime factors of 7880.
2, 5, 197
List the prime factors of 1384.
2, 173
What are the prime factors of 22611?
3, 7537
What are the prime factors of 420?
2, 3, 5, 7
List the prime factors of 1758.
2, 3, 293
List the prime factors of 7677.
3, 853
List the prime factors of 1435.
5, 7, 41
List the prime factors of 65.
5, 13
What are the prime factors of 10?
2, 5
List the prime factors of 1939.
7, 277
List the prime factors of 21052.
2, 19, 277
List the prime factors of 26183.
26183
List the prime factors of 1030.
2, 5, 103
What are the prime factors of 25835?
5, 5167
What are the prime factors of 26676?
2, 3, 13, 19
What are the prime factors of 22054?
2, 11027
What are the prime factors of 77902?
2, 11, 3541
List the prime factors of 2300.
2, 5, 23
List the prime factors of 7834.
2, 3917
What are the prime factors of 24429?
3, 17, 479
List the prime factors of 3624.
2, 3, 151
What are the prime factors of 33?
3, 11
What are the prime factors of 791?
7, 113
List the prime factors of 1150.
2, 5, 23
List the prime factors of 2236.
2, 13, 43
List the prime factors of 25602.
2, 3, 17, 251
List the prime factors of 1795.
5, 359
What are the prime factors of 25416?
2, 3, 353
What are the prime factors of 6040?
2, 5, 151
What are the prime factors of 2294?
2, 31, 37
List the prime factors of 5785.
5, 13, 89
What are the prime factors of 13544?
2, 1693
What are the prime factors of 36141?
3, 7, 1721
List the prime factors of 3607.
3607
What are the prime factors of 174?
2, 3, 29
What are the prime factors of 3703?
7, 23
List the prime factors of 89113.
89113
What are the prime factors of 3928?
2, 491
List the prime factors of 120798.
2, 3, 2237
What are the prime factors of 970?
2, 5, 97
List the prime factors of 18288.
2, 3, 127
What are the prime factors of 15852?
2, 3, 1321
What are the prime factors of 1157?
13, 89
What are the prime factors of 6535?
5, 1307
List the prime factors of 96337.
96337
What are the prime factors of 374?
2, 11, 17
What are the prime factors of 1895?
5, 379
What are the prime factors of 810?
2, 3, 5
What are the prime factors of 1177?
11, 107
What are the prime factors of 170964?
2, 3, 1583
What are the prime factors of 2817?
3, 313
What are the prime factors of 38318?
2, 7, 17, 23
What are the prime factors of 4794?
2, 3, 17, 47
List the prime factors of 82126.
2, 11, 3733
What are the prime factors of 1165?
5, 233
What are the prime factors of 12721?
12721
List the prime factors of 19425.
3, 5, 7, 37
List the prime factors of 1667.
1667
List the prime factors of 245.
5, 7
What are the prime factors of 2224?
2, 139
List the prime factors of 868.
2, 7, 31
List the prime factors of 22506.
2, 3, 11, 31
What are the prime factors of 43672?
2, 53, 103
What are the prime factors of 668?
2, 167
What are the prime factors of 646?
2, 17, 19
List the prime factors of 17029.
17029
List the prime factors of 5554.
2, 2777
List the prime factors of 1126.
2, 563
List the prime factors of 35476.
2, 7, 181
List the prime factors of 1337.
7, 191
What are the prime factors of 16653?
3, 7, 13, 61
List the prime factors of 1507.
11, 137
What are the prime factors of 29598?
2, 3, 4933
List the prime factors of 37460.
2, 5, 1873
List the prime factors of 67676.
2, 7, 2417
What are the prime factors of 1197?
3, 7, 19
What are the prime factors of 2059?
29, 71
What are the prime factors of 223?
223
List the prime factors of 48943.
17, 2879
List the prime factors of 7118.
2, 3559
What are the prime factors of 49948?
2, 12487
List the prime factors of 24675.
3, 5, 7, 47
What are the prime facto